f (-6 - (3 + -6 + -4) - 14) + -4?
-17
16 - (-5 + 1 + (4 - -3))
13
What is the value of (17 - 17) + (17 - 0)?
17
Evaluate -32 - -28 - (1 - 14).
9
Calculate 8 - (0 - 22 - -40).
-10
Calculate 40 + -3 + 11 - (19 - 2).
31
What is 1 + -15 + (11 + -12 - 4)?
-19
What is the value of (11 - (-9 - (-19 - 3))) + -7?
-9
What is the value of 20 + -4 + 3 + -3 - (104 + -110)?
22
Evaluate 15 - (6 - 8) - 22.
-5
Calculate 20 - (18 - (18 - 18)).
2
Evaluate 5 - ((-13 - -1) + -45 + 44).
18
What is the value of -2 - (8 + 15 + -12)?
-13
What is -30 + (23 - (1 - -12))?
-20
What is -14 - (-16 + 11) - -9?
0
(219 - 247) + 20 + -2
-10
What is 182 + -193 + (-12 - -3)?
-20
Evaluate 6 + 0 + -12 - -2.
-4
What is the value of (7 + 2 - (-46 + 43)) + -18?
-6
What is -1 + 2 - (20 + -6)?
-13
What is (3 - 12) + -24 + 38?
5
Evaluate 3 - -5 - -1 - (17 + 2).
-10
Calculate -9 + (16 - 8) + -1 + -11.
-13
What is the value of 18 + 7 + (-17 + 33 - 6)?
35
Evaluate -9 + 25 - (13 + 0).
3
14 + 1 - (-11 + -12 + 19)
19
54 - (2 - (-7 + -17))
28
What is 44 - ((-45 - -28) + 38)?
23
5 + (-4 + -1 + -3 - -2) - -10
9
-4 - ((9 - 2) + -8 - -12)
-15
-1 + (-1 + (17 - 2 - 6) - -3)
10
What is -20 + (-15 - -26) - -1?
-8
What is 1 + (-6 + 1 + 0 - (89 - 87))?
-6
What is the value of (-9 - -5 - -5) + -3?
-2
What is the value of -387 + 413 + (-8 - 1)?
17
Calculate -1 - (5 - (-3 + 10)).
1
(-15 - 0) + (-10 - 6 - -16)
-15
Evaluate (-1 - 5) + -3 + 11 + 14.
16
What is 0 - 0 - (-20 + 6 - (1 - 5))?
10
What is the value of 0 - (-25 - (-2 + -14))?
9
Evaluate -11 + 5 + -8 - -2 - (-1 - -6).
-17
Calculate (-29 - -20) + (23 - 5).
9
What is -2 + 2 - (3 - (18 - (9 + -2)))?
8
1 + 4 + -90 + 84 - (0 - -1)
-2
Evaluate 1 + -2 - (13 + -15 + 2).
-1
(-123 - -120 - (-5 + -2)) + 17
21
What is 1 + -59 + 74 + (7 - 0)?
23
What is the value of -1 + -18 + (371 - 364)?
-12
Evaluate -109 + 113 - (-3 + 0 - (-2 + 4)).
9
Calculate (-11 - (-3 + -1)) + -24 - -12.
-19
What is -1 + 11 - (11 + (-10 - 8) + 3)?
14
-9 + 6 - (-6 - -2)
1
-5 - ((-4 - (-12 + (-4 - -2))) + -6)
-9
Evaluate -378 + 404 + 2 + -38.
-10
2 + 10 + -3 - (-10 - -31)
-12
Evaluate -15 - (15 - (-23 - -30)).
-23
15 - (26 - 2) - -20
11
What is the value of 28 - (-22 - -62 - 2)?
-10
(20 - 6) + -6 + -17
-9
Calculate 38 + (-16 - -2) - 9.
15
Calculate 3 - 7 - (-31 + 18 - -30).
-21
Calculate -13 + 8 + 2 + 16 + 3.
16
Evaluate (34 + -23 - 31) + 47.
27
Calculate (0 - (-12 - -1)) + -8 + 4.
7
What is the value of -1 - -1 - (3 + 12 + -18)?
3
Calculate 14 - (-1 - 2) - (-5 + 8).
14
What is the value of -8 + (7 + -3 + -7 - (27 + -31))?
-7
Calculate 1 - 12 - (-2 + 2 + (-3 - 1)).
-7
What is the value of 3 + 0 - -1 - -4?
8
(16 - (11 - 16)) + -20
1
Calculate (-17 - -23) + (-4 - (3 - 1)).
0
0 + 5 + 2 + 10 - 2
15
(-1 - 29) + -37 + 50 + -17
-34
What is the value of -2 + (-8 - -13) - 11?
-8
Calculate -138 + 142 + (0 - 1) + -17.
-14
Calculate 4 + (-54 - -22 - -10).
-18
What is 18 + -6 + -3 + 2?
11
What is 9 - (8 - ((-11 - -7) + 11) - 2)?
10
What is -8 - (-91 + 115 + (-9 - 0))?
-23
What is 16 + 0 + 2 + (1285 - 1302)?
1
0 - (2 - 7) - (8 + -9 - 4)
10
Calculate -9 + 6 + (-1 - -2) + (20 - 31).
-13
Evaluate -21 - -14 - (-1 + 2).
-8
Evaluate 25 - (66 + -6 - 25).
-10
What is 6 + (-19 - (1 - 17) - (17 - 0))?
-14
Evaluate (-3 + -11 - (-8 - -2)) + 8.
0
Evaluate -1 + 13 + (-13 - -10) - 48.
-39
What is the value of -4 + -28 + 8 + 34?
10
Calculate -15 - (-219 + 191 - (-14 + -1)).
-2
(28 - 9) + -6 + 1 - -5
19
What is 2 - ((8 - 1) + -1 - (0 + 3))?
-1
What is the value of 0 + 8 - (1 - 11 - -8)?
10
Calculate (17 - (22 + -34)) + -33.
-4
Calculate 25 + (-7 - (4 - 14)) + -9 + -8.
11
Evaluate -6 - (0 - (-5 - -2)).
-9
Calculate -7 - ((-10 - -5) + 2).
-4
What is -4 - -12 - 47 - -46?
7
What is 13 + (-3 + (-4 - -10) - 9) - 18?
-11
What is the value of (5 - 17) + (4 - 0 - -5)?
-3
-9 + (-24 - -3) + (-3 - -12) + 0
-21
Evaluate 2 + -13 + 6 + 12 - 11.
-4
Evaluate 0 + (-2 - (12 + 2 + -3)).
-13
What is the value of 0 + -10 + (-15 - (7 - 39))?
7
What is the value of (-36 + 19 - -24) + (-2 - (2 - 8))?
11
Calculate -16 + (-4 - -31) + 8.
19
-16 + -24 - (-42 - -17)
-15
What is 19 - ((-26 - -12) + 51)?
-18
What is the value of 0 + -3 + 3 + 3 + 118 + -131?
-10
What is the value of 3 + -1 + (-22 - -22) + 5?
7
Calculate -4 - -8 - ((0 - 17) + 24).
-3
What is 6 - (8 + (-17 - -7 - -7))?
1
13 - ((-5 - 1) + 1 + -5 + 7)
16
0 + (1 - -18) + (-3 - (0 + -2))
18
What is the value of (143 - 141) + -3 + 22?
21
Evaluate 6 + -3 + 3 + -9 + 1 - 1.
-3
What is 7 - (-3 - (6 - 4))?
12
Calculate -555 + 537 - (-15 - 2).
-1
Evaluate -4 + 1 + -2 + (-19 - -25) + -4.
-3
Calculate -16 - (-7 - (-3 - -2)) - -4.
-6
What is (1 - -2) + (5 - (8 + 5))?
-5
What is the value of -14 - (-6 + (5 - 16))?
3
What is (-4 - -7 - (3 + -1)) + -15 + 22?
8
Evaluate (-11 - -22 - 19) + 16.
8
Evaluate (-21 - -49) + (-4 - 28).
-4
-4 + -8 + 8 + -1 + 9 + -4
0
What is 0 + 1 - 10 - 0 - (-1164 + 1166)?
-11
What is the value of -11 - ((9 - (20 + -9)) + -4)?
-5
Calculate (1 + (3 - 3) - -20) + -107 + 98.
12
What is 12 - ((-1 - -7) + -39 + 27)?
18
What is the value of (-144 - -161) + (2 - 25)?
-6
What is -23 + -1 + 0 + 84 + -77?
-17
What is the value of -11 + 0 + 99 + -88 + 3 + 1?
4
Evaluate -10 + 1 + (7 - -5).
3
9 - ((12 - 9) + -7 - -8)
5
-19 + -14 - -38 - (-2 + 3 + -1)
5
What is -18 + 0 + 68 + -44 + (6 - 0)?
12
What is the value of (0 - -12) + 1 - (1043 - 1036)?
6
Evaluate -16 + (29 - -5) - 8.
10
Evaluate -8 - (-8 + -6 + 1) - (7 + -3).
1
What is the value of -3 - ((3 - (7 - 3)) + -3)?
1
(139 - 142) + (-1 - -6)
2
Evaluate -17 - (4 + -3 + (-5 + -4 - -11)).
-20
Evaluate (0 - 14) + (2 + -5 - (37 + -45)).
-9
(-1 - 3) + (-3 - (-6 + 1) - 18)
-20
What is -36 - (-22 + 11 + 8)?
-33
What is -72 + 114 + (-72 - -4)?
-26
(8 - 0) + ((-7 - -15) + -3 - 12)
1
What is the value of 0 + -17 + (-17 + 14 - -8)?
-12
What is (-8 - (24 + 11 + -23)) + -3?
-23
What is the value of 16 + 2 - (118 + -99)?
-1
What is the value of (1 - -2) + (-9 - (-5 + 2)) - 3?
-6
Evaluate (10 - 1 - (-44 - -52)) + -2 + -7.
-8
What is the value of 18 + (0 - 5 - 2) + 4?
15
(-4 - (-11 - -9)) + -7
-9
Calculate (9 - -2) + (84 - 104).
-9
6 - ((0 - 0) + -1) - (629 + -628)
6
Evaluate (12 - -3) + -1 + 2 - (131 - 141).
26
Calculate (-7 - -4) + 1 + (3 + -6 - -2).
-3
What is the value of -4 - (-2 + 2 + -12) - 17?
-9
What is 3 + (-1 - (7 + (-3 - -6 - 16)))?
8
What is the value of 15 - (3 - (-8 - -5))?
9
Evaluate (-8 - -15 - -13) + -14.
6
Evaluate 6 + (9 + -4 - 11).
0
What is -13 + (14 - 4 - -17)?
14
Calculate -8 - (-7 - 7) - (47 - 24).
-17
What is the value of (-126 + 134 - (-1 - -9)) + -6?
-6
27 - (11 + -5) - -6
27
(-148 - -142) + (-2 - (-3 - 8))
3
What is 26 + -10 + 5 + 0 + (-2 - -2)?
21
(12 - -5) + -8 + (-12 - -4)
1
What is the value of -25 - (245 + -252 + (-1 - -5))?
-22
Evaluate (0 - -1) + -30 + 23 - 4 - -27.
17
Evaluate (19 - (-5 + 14 + -5)) + -14.
1
What is -11 + 13 + 8 - 7?
3
Evaluate 3 + (-11 - -1) + (-31 - -23).
-15
Calculate -3 - -1 - 0 - (12 - 5).
-9
Evaluate -219 + 182 - (8 + 0) - -14.
-31
Evaluate 3 - -4 - (-6 + 0 - 1 - -6).
8
What is 29 - (-18 + 5 - -47)?
-5
What is -3 - (8 - 2) - 1 - (5 + -3)?
-12
Evaluate (-18 - -25) + -23 + 10.
-6
Evaluate -3 + (3 - (1 + -3) - 7).
-5
Evaluate 5 + (-153 + 172 - (2 - 2 - 2)).
26
Evaluate 0 + 48 - (120 + -88).
16
What is (25 - 7 - 6) + (0 - (0 - -1))?
11
What is the value of (24 - 6) + -16 + -9?
-7
Evaluate (7 - 27) + (16 - (-8 + 9)).
-5
-16 - 1 - -3 - (-18 + 10 - -14)
-20
17 - (1 + 19) - 2
-5
Calculate 28 - (29 - 19) - 27.
-9
What is the value of 15 - (-2 - 8 - -4) - 10?
11
What is -17 + (7 - 2) + 2 + 35?
25
Evaluate (-8 - -39 - -9) + -38.
2
What is -10 - 0 - (21 - (11 - -2))?
-18
(17 - 19 - -3) + (0 - -3) + -4
0
Calculate 0 + -11 + 1 + (47 - 13 - 31).
-7
Calculate 11 + 17 + -14 - (4 - 2).
12
What is (-6 - 0) + -6 + 4 - (-1 - 4)?
-3
Evaluate -3 + -16 - -9 - -15 - (11 + 0).
-6
Evaluate (2 + 0 - 9) + 15 + -14.
-6
Calculate 513 + -506 + -33 + 3.
-23
(-58 - (20 + -32)) + 72
26
Calculate 433 + -428 - (5 - (0 + 0 + -1)).
-1
Calculate (-3 - 1) + 4 + (6 - 6).
0
-3 + -9 - (6 - (-3 + 7))
-14
Calculate 3 + -15 - ((-9 - -8) + -1).
-10
What is the value of -16 + 11 - -11 - -4?
10
What is the value of (-4 + 12 - 50) + 28?
-14
Evaluate -18 + 15 - (-16 + 26).
-13
2 + -11 + (2 - (-4 - -1))
-4
What is (39 - 20 - (-1 - -9)) + -12?
-1
Calcu